e
Is 369710381 prime?
True
Is 35730125471 a composite number?
False
Is 12467397649 a prime number?
False
Is 1223453549 a composite number?
False
Is 18292630597 a prime number?
True
Is 8867318567 a composite number?
True
Is 2740478359 a composite number?
True
Is 5359359947 prime?
False
Is 389261434 a composite number?
True
Is 1487048897 a prime number?
False
Is 778413401 a composite number?
False
Is 53866963 a prime number?
True
Is 2686736137 prime?
True
Is 4132998293 a composite number?
False
Is 1039653863 a composite number?
False
Is 131015971 a composite number?
False
Is 3421570891 composite?
True
Is 1348827679 prime?
True
Is 726951523 composite?
True
Is 247627229 prime?
True
Is 16306600091 prime?
True
Is 776674541 a composite number?
False
Is 282604877 a composite number?
False
Is 112197926219 a composite number?
False
Is 74279908253 prime?
False
Is 1612834697 a composite number?
True
Is 330333893 composite?
True
Is 3009392917 a composite number?
True
Is 36492690457 a prime number?
True
Is 52696087973 prime?
True
Is 156605737 composite?
False
Is 2419135219 a prime number?
True
Is 3244242341 a composite number?
False
Is 839160509 a prime number?
False
Is 4753917835 prime?
False
Is 8065358321 a prime number?
True
Is 920605589 prime?
False
Is 397290857 a prime number?
False
Is 18563029607 a composite number?
False
Is 4141040687 composite?
True
Is 1961515895 composite?
True
Is 643129121 a composite number?
False
Is 73817993597 a prime number?
True
Is 77303588977 a composite number?
True
Is 227908364279 a composite number?
True
Is 16872282697 a prime number?
True
Is 562620577 prime?
False
Is 622948973 prime?
True
Is 960031003 prime?
False
Is 3037168499 a prime number?
False
Is 12127535447 a prime number?
True
Is 41928682787 a prime number?
False
Is 1451831573 a prime number?
True
Is 764282483 a prime number?
True
Is 1195765577 prime?
True
Is 41829095839 composite?
True
Is 230033819 a prime number?
False
Is 85061261819 prime?
True
Is 46624788703 prime?
True
Is 2160578923 prime?
True
Is 14179873863 composite?
True
Is 5836619543 prime?
True
Is 59144643989 a composite number?
False
Is 145654286 a composite number?
True
Is 644649173 a composite number?
True
Is 11225834101 prime?
True
Is 1255820681 a prime number?
True
Is 105794735 a prime number?
False
Is 192132862 a prime number?
False
Is 1249312891 a composite number?
False
Is 17218351633 composite?
True
Is 274388221 composite?
True
Is 34649951353 composite?
False
Is 14592085577 prime?
True
Is 107637155399 composite?
False
Is 683177893 a composite number?
True
Is 61380627683 a composite number?
True
Is 9947147237 a prime number?
True
Is 1525367233 a prime number?
False
Is 597620179 composite?
True
Is 109121832343 a prime number?
False
Is 763199237 a composite number?
True
Is 1827099307 composite?
True
Is 4488370207 composite?
False
Is 214582993 a composite number?
True
Is 33540619139 prime?
False
Is 10177674923 a prime number?
False
Is 378135817 a composite number?
False
Is 911956897 prime?
False
Is 2141176637 a composite number?
True
Is 6569490731 composite?
False
Is 1127076661 a prime number?
False
Is 1294164911 a composite number?
True
Is 7164673595 composite?
True
Is 318747029 a prime number?
False
Is 67714022989 a prime number?
True
Is 26857769 composite?
True
Is 441237463 prime?
True
Is 458228633 composite?
True
Is 4642591367 composite?
True
Is 1293177434 composite?
True
Is 5413177381 a composite number?
True
Is 2577223199 composite?
False
Is 45882058441 prime?
False
Is 255316979 a prime number?
True
Is 108797309 prime?
True
Is 40966880917 composite?
True
Is 869348369 prime?
False
Is 532397357 a composite number?
False
Is 657420163 prime?
False
Is 2941610519 a composite number?
True
Is 1513493699 a prime number?
True
Is 177810403 a prime number?
True
Is 3559978369 composite?
False
Is 2538670721 prime?
False
Is 706620049 composite?
True
Is 341730437 composite?
True
Is 575121787 prime?
False
Is 59780850451 a composite number?
True
Is 57292117 composite?
False
Is 12372751159 a prime number?
True
Is 215544061 composite?
True
Is 2273130931 a prime number?
False
Is 4897390769 a prime number?
False
Is 26466404429 composite?
False
Is 909402383 a prime number?
True
Is 38429613169 a composite number?
True
Is 3953463851 prime?
True
Is 17171778079 a prime number?
True
Is 4426884373 a composite number?
False
Is 23323776349 a prime number?
True
Is 4541366689 composite?
True
Is 1263632113 prime?
True
Is 2282676157 prime?
True
Is 6754769711 a composite number?
False
Is 1806142543 composite?
True
Is 131904520457 a composite number?
False
Is 17643694771 a composite number?
False
Is 1218466309 a composite number?
True
Is 1349633309 prime?
False
Is 9841774529 a composite number?
True
Is 1540866442 composite?
True
Is 1364644103 a composite number?
True
Is 244821023 prime?
False
Is 468670751 a composite number?
True
Is 299421461 a composite number?
False
Is 4103561533 a composite number?
False
Is 7762393811 composite?
True
Is 66414600467 prime?
True
Is 243981713 composite?
True
Is 163593343 a composite number?
False
Is 10120240621 composite?
False
Is 1008280621 prime?
True
Is 54554803039 prime?
False
Is 2412653713 prime?
True
Is 3145074601 a prime number?
True
Is 106856815645 composite?
True
Is 784841437 a composite number?
True
Is 185011447 a composite number?
False
Is 61212395207 composite?
False
Is 312971521 a composite number?
True
Is 40846109 composite?
False
Is 7938835907 prime?
True
Is 4835837831 a composite number?
True
Is 252806773 a composite number?
False
Is 40614767 a composite number?
True
Is 14443732789 a composite number?
False
Is 3226757483 prime?
True
Is 4823484737 composite?
False
Is 16414713713 prime?
False
Is 34054304881 composite?
False
Is 12968354873 a prime number?
False
Is 853193429 composite?
True
Is 151503841 a prime number?
True
Is 5136835739 prime?
False
Is 7354942879 prime?
True
Is 19141667669 prime?
True
Is 120602681 prime?
False
Is 489938443883 composite?
True
Is 2384073067 composite?
False
Is 149812099 a composite number?
True
Is 175731091511 a prime number?
True
Is 7392766769 a prime number?
True
Is 134220295717 a composite number?
True
Is 23855592517 a prime number?
False
Is 8714667037 composite?
False
Is 69431706467 a composite number?
True
Is 1051116221 composite?
True
Is 87584709 a composite number?
True
Is 175260031501 composite?
True
Is 11563313633 a prime number?
False
Is 17219206181 a prime number?
False
Is 9046466063 composite?
True
Is 1811458243 a prime number?
False
Is 353553287 prime?
True
Is 6418526269 prime?
False
Is 2738636207 composite?
False
Is 5330137759 a prime number?
False
Is 883963879 a composite number?
False
Is 629207797747 prime?
True
Is 14387498827 prime?
False
Is 51793972169 composite?
False
Is 867512233 a prime number?
False
Is 897404063 prime?
True
Is 3035365261 a composite number?
False
Is 3738071089 a composite number?
False
Is 8749853833 a prime number?
False
Is 1039729991 composite?
True
Is 10066596691 composite?
True
Is 2291779531 a prime number?
True
Is 251060672707 prime?
False
Is 27781749461 prime?
True
Is 415422323 a prime number?
True
Is 1637967311 prime?
False
Is 344450023 a prime number?
False
Is 47923027547 a prime number?
False
Is 8853082046 a composite number?
True
Is 314869267 composite?
True
Is 4959637271 a prime number?
True
Is 60267081587 prime?
True
Is 45021684833 a composite number?
False
Is 492164381 composite?
True
Is 19076542643 composite?
False
Is 1111911953 a composite number?
False
Is 3921022873 prime?
False
Is 375254567 a prime number?
False
Is 7243616953 prime?
False
Is 147660251 a prime number?
True
Is 1000903987 a prime number?
False
Is 5285983361 composite?
False
Is 917907637 a composite number?
False
Is 867623797 composite?
False
Is 9252286507 a prime number?
True
Is 906392581 composite?
False
Is 95333352839 a prime number?
False
Is 494326501 composite?
False
Is 32664197411 a composite number?
True
Is 14988969791 prime?
False
Is 66303815099 a composite number?
False
Is 478652099 prime?
True
Is 200853671 a composite number?
False
Is 28169597447 composite?
False
Is 6339421061 prime?
False
Is 13751013889 prime?
True
Is 20118182881 composite?
False
Is 166281553 a composite number?
True
Is 215152411 a composite number?
T